{"id":1740,"date":"2024-07-10T13:36:50","date_gmt":"2024-07-10T13:36:50","guid":{"rendered":"https:\/\/tecsolar.ar\/web\/?page_id=1740"},"modified":"2024-07-11T15:23:58","modified_gmt":"2024-07-11T15:23:58","slug":"funcionamiento-de-los-sistemas-fotovoltaicos-de-conexion-a-red","status":"publish","type":"page","link":"https:\/\/tecsolar.ar\/web\/funcionamiento-de-los-sistemas-fotovoltaicos-de-conexion-a-red\/","title":{"rendered":"Funcionamiento de los sistemas fotovoltaicos de conexi\u00f3n a red"},"content":{"rendered":"<p>[vc_row][vc_column icons_position=\u00bbleft\u00bb]<div id=\"sc_title_387811148\"\n\t\tclass=\"sc_title color_style_default sc_title_default\"><h6 class=\"sc_item_subtitle sc_title_subtitle sc_align_center sc_item_title_style_default\">Contribuyendo al Futuro Sostenible. Beneficios e Impactos del Uso de Paneles Solares<\/h6><h3 class=\"sc_item_title sc_title_title sc_align_center sc_item_title_style_default\">Funcionamiento de los sistemas fotovoltaicos de conexi\u00f3n a red<\/h3><div class=\"sc_item_descr sc_title_descr sc_align_center sc_item_title_style_default\"><p>En Tecsolar, nos especializamos en la implementaci\u00f3n de sistemas fotovoltaicos de conexi\u00f3n a red, una tecnolog\u00eda avanzada que permite aprovechar la energ\u00eda solar de manera eficiente y sostenible. Estos sistemas est\u00e1n dise\u00f1ados para integrarse directamente con la red el\u00e9ctrica, permitiendo a los usuarios generar su propia electricidad y reducir sus costos energ\u00e9ticos. A continuaci\u00f3n, te explicamos en detalle c\u00f3mo funcionan estos sistemas y algunos aspectos clave que debes considerar.<\/p>\n<\/div><\/div><!-- \/.sc_title -->[vc_row_inner equal_height=\u00bbyes\u00bb content_placement=\u00bbmiddle\u00bb][vc_column_inner width=\u00bb2\/3&#8243; icons_position=\u00bbleft\u00bb][vc_empty_space height=\u00bb2rem\u00bb alter_height=\u00bbnone\u00bb hide_on_desktop=\u00bb\u00bb hide_on_notebook=\u00bb\u00bb hide_on_tablet=\u00bb\u00bb hide_on_mobile=\u00bb\u00bb]<div id=\"sc_icons_1645853125\" \n\tclass=\"sc_icons sc_icons_leftpos sc_icons_size_medium sc_align_left\"><div class=\"sc_icons_item\"><div id=\"sc_icons_1645853125_icon-icon5\" class=\"sc_icons_icon sc_icon_type_ icon-icon5\"\n\t\t\t\t\t\t\t\t\t\t\t\t><span class=\"sc_icon_type_ icon-icon5\"><\/span><\/div><div class=\"sc_icons_item_content\">\n\t\t\t\t\t\t<h4 class=\"sc_icons_item_title\"><span>Captaci\u00f3n de energ\u00eda solar<\/span><\/h4><div class=\"sc_icons_item_description\"><span>Los sistemas fotovoltaicos de conexi\u00f3n a red comienzan con la captaci\u00f3n de energ\u00eda solar. Los paneles solares fotovoltaicos, instalados en techos o \u00e1reas expuestas al sol, est\u00e1n compuestos por celdas fotovoltaicas de silicio que convierten la luz solar en electricidad de corriente continua (DC). Esta energ\u00eda generada es limpia y renovable, aprovechando al m\u00e1ximo la radiaci\u00f3n solar disponible.<\/span><\/div>\t\t\t\t<\/div>\n\t\t\t\t<\/div><div class=\"sc_icons_item\"><div id=\"sc_icons_1645853125_icon-icon2\" class=\"sc_icons_icon sc_icon_type_ icon-icon2\"\n\t\t\t\t\t\t\t\t\t\t\t\t><span class=\"sc_icon_type_ icon-icon2\"><\/span><\/div><div class=\"sc_icons_item_content\">\n\t\t\t\t\t\t<h4 class=\"sc_icons_item_title\"><span>Conversi\u00f3n de energ\u00eda<\/span><\/h4><div class=\"sc_icons_item_description\"><span>La electricidad generada por los paneles solares es en forma de corriente continua (DC). Para que esta energ\u00eda sea utilizable en nuestros hogares y empresas, debe ser convertida en corriente alterna (AC), que es el tipo de electricidad que usamos en la mayor\u00eda de los dispositivos el\u00e9ctricos. Este proceso se lleva a cabo mediante un inversor solar, un componente clave del sistema que asegura que la energ\u00eda generada sea compatible con la red el\u00e9ctrica y los aparatos dom\u00e9sticos.<\/span><\/div>\t\t\t\t<\/div>\n\t\t\t\t<\/div><div class=\"sc_icons_item\"><div id=\"sc_icons_1645853125_icon-wireless-antenna\" class=\"sc_icons_icon sc_icon_type_ icon-wireless-antenna\"\n\t\t\t\t\t\t\t\t\t\t\t\t><span class=\"sc_icon_type_ icon-wireless-antenna\"><\/span><\/div><div class=\"sc_icons_item_content\">\n\t\t\t\t\t\t<h4 class=\"sc_icons_item_title\"><span>Inyecci\u00f3n a la Red El\u00e9ctrica<\/span><\/h4><div class=\"sc_icons_item_description\"><span>Una vez convertida en corriente alterna (CA), la energ\u00eda solar se inyecta a la red el\u00e9ctrica a trav\u00e9s de un sistema de medici\u00f3n bidireccional. Este medidor especial registra tanto la energ\u00eda consumida de la red como la energ\u00eda generada por el sistema fotovoltaico que se inyecta a la red. Durante el d\u00eda, cuando el sistema solar est\u00e1 generando electricidad, esta energ\u00eda puede ser utilizada directamente en el hogar o negocio. Si se genera m\u00e1s energ\u00eda de la que se consume, el excedente se inyecta a la red el\u00e9ctrica, lo que puede generar cr\u00e9ditos en la factura el\u00e9ctrica.<\/span><\/div>\t\t\t\t<\/div>\n\t\t\t\t<\/div><div class=\"sc_icons_item\"><div id=\"sc_icons_1645853125_icon-icon-8\" class=\"sc_icons_icon sc_icon_type_ icon-icon-8\"\n\t\t\t\t\t\t\t\t\t\t\t\t><span class=\"sc_icon_type_ icon-icon-8\"><\/span><\/div><div class=\"sc_icons_item_content\">\n\t\t\t\t\t\t<h4 class=\"sc_icons_item_title\"><span>Consumo de energ\u00eda<\/span><\/h4><div class=\"sc_icons_item_description\"><span>El sistema de conexi\u00f3n a red permite que, durante el d\u00eda, la energ\u00eda solar generada se utilice directamente para satisfacer las necesidades el\u00e9ctricas del hogar o negocio. Si la producci\u00f3n solar es superior a la demanda, el exceso de energ\u00eda se env\u00eda a la red el\u00e9ctrica. En momentos en que la generaci\u00f3n solar es insuficiente (por ejemplo, durante la noche o en d\u00edas nublados), el suministro el\u00e9ctrico se complementa autom\u00e1ticamente con energ\u00eda de la red.<\/span><\/div>\t\t\t\t<\/div>\n\t\t\t\t<\/div><div class=\"sc_icons_item\"><div id=\"sc_icons_1645853125_icon-tablet\" class=\"sc_icons_icon sc_icon_type_ icon-tablet\"\n\t\t\t\t\t\t\t\t\t\t\t\t><span class=\"sc_icon_type_ icon-tablet\"><\/span><\/div><div class=\"sc_icons_item_content\">\n\t\t\t\t\t\t<h4 class=\"sc_icons_item_title\"><span>Mantenimiento y Monitoreo<\/span><\/h4><div class=\"sc_icons_item_description\"><span>Los sistemas fotovoltaicos de conexi\u00f3n a red requieren un mantenimiento m\u00ednimo, principalmente limpieza peri\u00f3dica de los paneles y revisiones del inversor. Adem\u00e1s, muchos sistemas modernos vienen equipados con tecnolog\u00edas de monitoreo en tiempo real que permiten a los propietarios supervisar el rendimiento del sistema y detectar cualquier problema de manera oportuna.<\/span><\/div>\t\t\t\t<\/div>\n\t\t\t\t<\/div><div class=\"sc_icons_item\"><div id=\"sc_icons_1645853125_icon-tools-2\" class=\"sc_icons_icon sc_icon_type_ icon-tools-2\"\n\t\t\t\t\t\t\t\t\t\t\t\t><span class=\"sc_icon_type_ icon-tools-2\"><\/span><\/div><div class=\"sc_icons_item_content\">\n\t\t\t\t\t\t<h4 class=\"sc_icons_item_title\"><span>Consideraciones en Caso de Cortes de Energ\u00eda<\/span><\/h4><div class=\"sc_icons_item_description\"><span>Es importante destacar que los sistemas fotovoltaicos de conexi\u00f3n a red est\u00e1n dise\u00f1ados para funcionar en sincron\u00eda con la red el\u00e9ctrica. Por razones de seguridad, estos sistemas se desconectan autom\u00e1ticamente durante un corte de energ\u00eda en la red. Esto evita el riesgo de electrocuci\u00f3n para los trabajadores de servicios p\u00fablicos que pueden estar reparando l\u00edneas el\u00e9ctricas. Por lo tanto, aunque los paneles solares puedan estar generando electricidad, esto no se utilizar\u00e1 durante un apag\u00f3n a menos que el sistema est\u00e9 equipado con un inversor especial y bater\u00edas de almacenamiento que permitan la operaci\u00f3n independiente (sistema h\u00edbrido).<\/span><\/div>\t\t\t\t<\/div>\n\t\t\t\t<\/div><\/div><!-- \/.sc_icons -->[\/vc_column_inner][vc_column_inner width=\u00bb1\/3&#8243; icons_position=\u00bbleft\u00bb][vc_empty_space height=\u00bb2rem\u00bb alter_height=\u00bbnone\u00bb hide_on_desktop=\u00bb\u00bb hide_on_notebook=\u00bb\u00bb hide_on_tablet=\u00bb\u00bb hide_on_mobile=\u00bb\u00bb][vc_cta h2=\u00bb\u00bb h4=\u00bbLos sistemas fotovoltaicos de conexi\u00f3n a red representan una inversi\u00f3n inteligente y sostenible para hogares y negocios que buscan reducir sus costos energ\u00e9ticos y su huella de carbono. En Tecsolar, estamos comprometidos a proporcionar soluciones fotovoltaicas de alta calidad que maximicen el aprovechamiento de la energ\u00eda solar y aseguren un retorno de inversi\u00f3n \u00f3ptimo para nuestros clientes.\u00bb style=\u00bbflat\u00bb color=\u00bborange\u00bb add_button=\u00bbbottom\u00bb btn_title=\u00bbEstamos a un clic de distancia\u00bb btn_color=\u00bbinfo\u00bb btn_link=\u00bburl:https%3A%2F%2Ftecsolar.ar%2Fweb%2Fcontacto%2F|||\u00bb][\/vc_cta][\/vc_column_inner][\/vc_row_inner][\/vc_column][\/vc_row][vc_row][vc_column icons_position=\u00bbleft\u00bb][vc_empty_space height=\u00bb2rem\u00bb alter_height=\u00bbnone\u00bb hide_on_desktop=\u00bb\u00bb hide_on_notebook=\u00bb\u00bb hide_on_tablet=\u00bb\u00bb hide_on_mobile=\u00bb\u00bb]<div id=\"sc_icons_1247233289\" \n\tclass=\"sc_icons sc_icons_default sc_icons_size_large sc_align_center\"><h5 class=\"sc_item_title sc_icons_title sc_align_center sc_item_title_style_2 sc_item_title_tag\">Beneficios de los sistemas fotovoltaicos de conexi\u00f3n a red<\/h5><div class=\"sc_icons_columns_wrap sc_item_columns trx_addons_columns_wrap columns_padding_bottom\"><div class=\"trx_addons_column-1_4\"><div class=\"sc_icons_item\"><div id=\"sc_icons_1247233289_icon-currency\" class=\"sc_icons_icon sc_icon_type_ icon-currency\"\n\t\t\t\t\t\t\t\t\t\t\t\t><span class=\"sc_icon_type_ icon-currency\"><\/span><\/div><h4 class=\"sc_icons_item_title\"><span>Ahorro Econ\u00f3mico<\/span><\/h4><div class=\"sc_icons_item_description\"><span>Reduce significativamente la factura el\u00e9ctrica mensual al generar electricidad propia y potencialmente vender el excedente a la red.<\/span><\/div><\/div><\/div><div class=\"trx_addons_column-1_4\"><div class=\"sc_icons_item\"><div id=\"sc_icons_1247233289_icon-icon-10\" class=\"sc_icons_icon sc_icon_type_ icon-icon-10\"\n\t\t\t\t\t\t\t\t\t\t\t\t><span class=\"sc_icon_type_ icon-icon-10\"><\/span><\/div><h4 class=\"sc_icons_item_title\"><span>Sostenibilidad Ambiental<\/span><\/h4><div class=\"sc_icons_item_description\"><span>Contribuyen a la reducci\u00f3n de emisiones de CO2 y disminuyen la dependencia de combustibles f\u00f3siles.<\/span><\/div><\/div><\/div><div class=\"trx_addons_column-1_4\"><div class=\"sc_icons_item\"><div id=\"sc_icons_1247233289_icon-icon2\" class=\"sc_icons_icon sc_icon_type_ icon-icon2\"\n\t\t\t\t\t\t\t\t\t\t\t\t><span class=\"sc_icon_type_ icon-icon2\"><\/span><\/div><h4 class=\"sc_icons_item_title\"><span>F\u00e1cil Integraci\u00f3n<\/span><\/h4><div class=\"sc_icons_item_description\"><span>Se integran f\u00e1cilmente con la infraestructura el\u00e9ctrica existente sin necesidad de modificaciones extensivas.<\/span><\/div><\/div><\/div><div class=\"trx_addons_column-1_4\"><div class=\"sc_icons_item\"><div id=\"sc_icons_1247233289_icon-tools-2\" class=\"sc_icons_icon sc_icon_type_ icon-tools-2\"\n\t\t\t\t\t\t\t\t\t\t\t\t><span class=\"sc_icon_type_ icon-tools-2\"><\/span><\/div><h4 class=\"sc_icons_item_title\"><span>Bajo Mantenimiento<\/span><\/h4><div class=\"sc_icons_item_description\"><span>Requieren un mantenimiento m\u00ednimo, con una vida \u00fatil que puede superar los 25 a\u00f1os para los paneles solares.<\/span><\/div><\/div><\/div><\/div><\/div><!-- \/.sc_icons -->[vc_empty_space height=\u00bb2rem\u00bb alter_height=\u00bbnone\u00bb hide_on_desktop=\u00bb\u00bb hide_on_notebook=\u00bb\u00bb hide_on_tablet=\u00bb\u00bb hide_on_mobile=\u00bb\u00bb]<div  id=\"sc_layouts_1734988090\"\t\tclass=\"sc_layouts sc_layouts_default sc_layouts_1781\">[vc_row][vc_column icons_position=\"left\"]<div id=\"sc_content_497067572\"\n\t\tclass=\"sc_content color_style_default sc_content_default sc_float_center\"><div class=\"sc_content_container\">[vc_single_image image=\"1782\" img_size=\"large\" alignment=\"center\" style=\"vc_box_rounded\" title=\"Elementos de un sistema fotovoltaico de conexi\u00f3n a red\"]<\/div><\/div><!-- \/.sc_content -->[vc_column_text]1- Paneles solares fotovoltaicos\r\n2- Inversor solar\r\n3- Medidor bidireccional\r\n4- Red de distribuci\u00f3n el\u00e9ctrica[\/vc_column_text][\/vc_column][\/vc_row]<\/div>[\/vc_column][\/vc_row]<\/p>\n","protected":false},"excerpt":{"rendered":"<p>[vc_row][vc_column icons_position=\u00bbleft\u00bb][vc_row_inner equal_height=\u00bbyes\u00bb content_placement=\u00bbmiddle\u00bb][vc_column_inner width=\u00bb2\/3&#8243; icons_position=\u00bbleft\u00bb][vc_empty_space height=\u00bb2rem\u00bb alter_height=\u00bbnone\u00bb hide_on_desktop=\u00bb\u00bb hide_on_notebook=\u00bb\u00bb hide_on_tablet=\u00bb\u00bb hide_on_mobile=\u00bb\u00bb][\/vc_column_inner][vc_column_inner width=\u00bb1\/3&#8243; icons_position=\u00bbleft\u00bb][vc_empty_space height=\u00bb2rem\u00bb alter_height=\u00bbnone\u00bb hide_on_desktop=\u00bb\u00bb hide_on_notebook=\u00bb\u00bb hide_on_tablet=\u00bb\u00bb hide_on_mobile=\u00bb\u00bb][vc_cta h2=\u00bb\u00bb h4=\u00bbLos sistemas fotovoltaicos de conexi\u00f3n a red representan una&hellip;<\/p>\n","protected":false},"author":2,"featured_media":1436,"parent":0,"menu_order":0,"comment_status":"closed","ping_status":"closed","template":"","meta":{"footnotes":""},"class_list":["post-1740","page","type-page","status-publish","has-post-thumbnail","hentry"],"yoast_head":"<!-- This site is optimized with the Yoast SEO plugin v23.0 - https:\/\/yoast.com\/wordpress\/plugins\/seo\/ -->\n<title>Funcionamiento de los sistemas fotovoltaicos de conexi\u00f3n a red - Tecsolar<\/title>\n<meta name=\"description\" content=\"Descubre c\u00f3mo funcionan los sistemas fotovoltaicos de conexi\u00f3n a red con Tecsolar. Aprende sobre la captaci\u00f3n de energ\u00eda solar, la conversi\u00f3n de corriente continua a alterna, y la inyecci\u00f3n de energ\u00eda a la red el\u00e9ctrica. Conoce los beneficios econ\u00f3micos y ambientales de estos sistemas, y por qu\u00e9 no funcionan durante cortes de energ\u00eda a menos que est\u00e9n equipados con bater\u00edas. Nuestros sistemas solares est\u00e1n dise\u00f1ados para integrarse perfectamente con tu infraestructura el\u00e9ctrica, ofreciendo ahorro en la factura de luz y contribuyendo a la sostenibilidad.\" \/>\n<meta name=\"robots\" content=\"index, follow, max-snippet:-1, max-image-preview:large, max-video-preview:-1\" \/>\n<link rel=\"canonical\" href=\"https:\/\/tecsolar.ar\/web\/funcionamiento-de-los-sistemas-fotovoltaicos-de-conexion-a-red\/\" \/>\n<meta property=\"og:locale\" content=\"es_ES\" \/>\n<meta property=\"og:type\" content=\"article\" \/>\n<meta property=\"og:title\" content=\"Funcionamiento de los sistemas fotovoltaicos de conexi\u00f3n a red - Tecsolar\" \/>\n<meta property=\"og:description\" content=\"Descubre c\u00f3mo funcionan los sistemas fotovoltaicos de conexi\u00f3n a red con Tecsolar. Aprende sobre la captaci\u00f3n de energ\u00eda solar, la conversi\u00f3n de corriente continua a alterna, y la inyecci\u00f3n de energ\u00eda a la red el\u00e9ctrica. Conoce los beneficios econ\u00f3micos y ambientales de estos sistemas, y por qu\u00e9 no funcionan durante cortes de energ\u00eda a menos que est\u00e9n equipados con bater\u00edas. Nuestros sistemas solares est\u00e1n dise\u00f1ados para integrarse perfectamente con tu infraestructura el\u00e9ctrica, ofreciendo ahorro en la factura de luz y contribuyendo a la sostenibilidad.\" \/>\n<meta property=\"og:url\" content=\"https:\/\/tecsolar.ar\/web\/funcionamiento-de-los-sistemas-fotovoltaicos-de-conexion-a-red\/\" \/>\n<meta property=\"og:site_name\" content=\"Tecsolar\" \/>\n<meta property=\"article:publisher\" content=\"https:\/\/www.facebook.com\/tecsolar.arg\/\" \/>\n<meta property=\"article:modified_time\" content=\"2024-07-11T15:23:58+00:00\" \/>\n<meta property=\"og:image\" content=\"https:\/\/tecsolar.ar\/web\/wp-content\/uploads\/2024\/01\/bg1-copyright-antique.jpg\" \/>\n\t<meta property=\"og:image:width\" content=\"1827\" \/>\n\t<meta property=\"og:image:height\" content=\"751\" \/>\n\t<meta property=\"og:image:type\" content=\"image\/jpeg\" \/>\n<meta name=\"twitter:card\" content=\"summary_large_image\" \/>\n<meta name=\"twitter:label1\" content=\"Tiempo de lectura\" \/>\n\t<meta name=\"twitter:data1\" content=\"2 minutos\" \/>\n<script type=\"application\/ld+json\" class=\"yoast-schema-graph\">{\"@context\":\"https:\/\/schema.org\",\"@graph\":[{\"@type\":[\"WebPage\",\"AboutPage\"],\"@id\":\"https:\/\/tecsolar.ar\/web\/funcionamiento-de-los-sistemas-fotovoltaicos-de-conexion-a-red\/\",\"url\":\"https:\/\/tecsolar.ar\/web\/funcionamiento-de-los-sistemas-fotovoltaicos-de-conexion-a-red\/\",\"name\":\"Funcionamiento de los sistemas fotovoltaicos de conexi\u00f3n a red - Tecsolar\",\"isPartOf\":{\"@id\":\"https:\/\/tecsolar.ar\/web\/#website\"},\"primaryImageOfPage\":{\"@id\":\"https:\/\/tecsolar.ar\/web\/funcionamiento-de-los-sistemas-fotovoltaicos-de-conexion-a-red\/#primaryimage\"},\"image\":{\"@id\":\"https:\/\/tecsolar.ar\/web\/funcionamiento-de-los-sistemas-fotovoltaicos-de-conexion-a-red\/#primaryimage\"},\"thumbnailUrl\":\"https:\/\/tecsolar.ar\/web\/wp-content\/uploads\/2024\/01\/bg1-copyright-antique.jpg\",\"datePublished\":\"2024-07-10T13:36:50+00:00\",\"dateModified\":\"2024-07-11T15:23:58+00:00\",\"description\":\"Descubre c\u00f3mo funcionan los sistemas fotovoltaicos de conexi\u00f3n a red con Tecsolar. Aprende sobre la captaci\u00f3n de energ\u00eda solar, la conversi\u00f3n de corriente continua a alterna, y la inyecci\u00f3n de energ\u00eda a la red el\u00e9ctrica. Conoce los beneficios econ\u00f3micos y ambientales de estos sistemas, y por qu\u00e9 no funcionan durante cortes de energ\u00eda a menos que est\u00e9n equipados con bater\u00edas. Nuestros sistemas solares est\u00e1n dise\u00f1ados para integrarse perfectamente con tu infraestructura el\u00e9ctrica, ofreciendo ahorro en la factura de luz y contribuyendo a la sostenibilidad.\",\"breadcrumb\":{\"@id\":\"https:\/\/tecsolar.ar\/web\/funcionamiento-de-los-sistemas-fotovoltaicos-de-conexion-a-red\/#breadcrumb\"},\"inLanguage\":\"es\",\"potentialAction\":[{\"@type\":\"ReadAction\",\"target\":[\"https:\/\/tecsolar.ar\/web\/funcionamiento-de-los-sistemas-fotovoltaicos-de-conexion-a-red\/\"]}]},{\"@type\":\"ImageObject\",\"inLanguage\":\"es\",\"@id\":\"https:\/\/tecsolar.ar\/web\/funcionamiento-de-los-sistemas-fotovoltaicos-de-conexion-a-red\/#primaryimage\",\"url\":\"https:\/\/tecsolar.ar\/web\/wp-content\/uploads\/2024\/01\/bg1-copyright-antique.jpg\",\"contentUrl\":\"https:\/\/tecsolar.ar\/web\/wp-content\/uploads\/2024\/01\/bg1-copyright-antique.jpg\",\"width\":1827,\"height\":751},{\"@type\":\"BreadcrumbList\",\"@id\":\"https:\/\/tecsolar.ar\/web\/funcionamiento-de-los-sistemas-fotovoltaicos-de-conexion-a-red\/#breadcrumb\",\"itemListElement\":[{\"@type\":\"ListItem\",\"position\":1,\"name\":\"Portada\",\"item\":\"https:\/\/tecsolar.ar\/web\/\"},{\"@type\":\"ListItem\",\"position\":2,\"name\":\"Funcionamiento de los sistemas fotovoltaicos de conexi\u00f3n a red\"}]},{\"@type\":\"WebSite\",\"@id\":\"https:\/\/tecsolar.ar\/web\/#website\",\"url\":\"https:\/\/tecsolar.ar\/web\/\",\"name\":\"Tecsolar\",\"description\":\"Energ\u00eda Solar\",\"publisher\":{\"@id\":\"https:\/\/tecsolar.ar\/web\/#organization\"},\"potentialAction\":[{\"@type\":\"SearchAction\",\"target\":{\"@type\":\"EntryPoint\",\"urlTemplate\":\"https:\/\/tecsolar.ar\/web\/?s={search_term_string}\"},\"query-input\":\"required name=search_term_string\"}],\"inLanguage\":\"es\"},{\"@type\":\"Organization\",\"@id\":\"https:\/\/tecsolar.ar\/web\/#organization\",\"name\":\"Tecsolar\",\"url\":\"https:\/\/tecsolar.ar\/web\/\",\"logo\":{\"@type\":\"ImageObject\",\"inLanguage\":\"es\",\"@id\":\"https:\/\/tecsolar.ar\/web\/#\/schema\/logo\/image\/\",\"url\":\"https:\/\/tecsolar.ar\/web\/wp-content\/uploads\/2020\/09\/logo.png\",\"contentUrl\":\"https:\/\/tecsolar.ar\/web\/wp-content\/uploads\/2020\/09\/logo.png\",\"width\":204,\"height\":66,\"caption\":\"Tecsolar\"},\"image\":{\"@id\":\"https:\/\/tecsolar.ar\/web\/#\/schema\/logo\/image\/\"},\"sameAs\":[\"https:\/\/www.facebook.com\/tecsolar.arg\/\",\"https:\/\/www.instagram.com\/tecsolar.arg\/\",\"https:\/\/www.youtube.com\/@Tecsolararg\"]}]}<\/script>\n<!-- \/ Yoast SEO plugin. -->","yoast_head_json":{"title":"Funcionamiento de los sistemas fotovoltaicos de conexi\u00f3n a red - Tecsolar","description":"Descubre c\u00f3mo funcionan los sistemas fotovoltaicos de conexi\u00f3n a red con Tecsolar. Aprende sobre la captaci\u00f3n de energ\u00eda solar, la conversi\u00f3n de corriente continua a alterna, y la inyecci\u00f3n de energ\u00eda a la red el\u00e9ctrica. Conoce los beneficios econ\u00f3micos y ambientales de estos sistemas, y por qu\u00e9 no funcionan durante cortes de energ\u00eda a menos que est\u00e9n equipados con bater\u00edas. Nuestros sistemas solares est\u00e1n dise\u00f1ados para integrarse perfectamente con tu infraestructura el\u00e9ctrica, ofreciendo ahorro en la factura de luz y contribuyendo a la sostenibilidad.","robots":{"index":"index","follow":"follow","max-snippet":"max-snippet:-1","max-image-preview":"max-image-preview:large","max-video-preview":"max-video-preview:-1"},"canonical":"https:\/\/tecsolar.ar\/web\/funcionamiento-de-los-sistemas-fotovoltaicos-de-conexion-a-red\/","og_locale":"es_ES","og_type":"article","og_title":"Funcionamiento de los sistemas fotovoltaicos de conexi\u00f3n a red - Tecsolar","og_description":"Descubre c\u00f3mo funcionan los sistemas fotovoltaicos de conexi\u00f3n a red con Tecsolar. Aprende sobre la captaci\u00f3n de energ\u00eda solar, la conversi\u00f3n de corriente continua a alterna, y la inyecci\u00f3n de energ\u00eda a la red el\u00e9ctrica. Conoce los beneficios econ\u00f3micos y ambientales de estos sistemas, y por qu\u00e9 no funcionan durante cortes de energ\u00eda a menos que est\u00e9n equipados con bater\u00edas. Nuestros sistemas solares est\u00e1n dise\u00f1ados para integrarse perfectamente con tu infraestructura el\u00e9ctrica, ofreciendo ahorro en la factura de luz y contribuyendo a la sostenibilidad.","og_url":"https:\/\/tecsolar.ar\/web\/funcionamiento-de-los-sistemas-fotovoltaicos-de-conexion-a-red\/","og_site_name":"Tecsolar","article_publisher":"https:\/\/www.facebook.com\/tecsolar.arg\/","article_modified_time":"2024-07-11T15:23:58+00:00","og_image":[{"width":1827,"height":751,"url":"https:\/\/tecsolar.ar\/web\/wp-content\/uploads\/2024\/01\/bg1-copyright-antique.jpg","type":"image\/jpeg"}],"twitter_card":"summary_large_image","twitter_misc":{"Tiempo de lectura":"2 minutos"},"schema":{"@context":"https:\/\/schema.org","@graph":[{"@type":["WebPage","AboutPage"],"@id":"https:\/\/tecsolar.ar\/web\/funcionamiento-de-los-sistemas-fotovoltaicos-de-conexion-a-red\/","url":"https:\/\/tecsolar.ar\/web\/funcionamiento-de-los-sistemas-fotovoltaicos-de-conexion-a-red\/","name":"Funcionamiento de los sistemas fotovoltaicos de conexi\u00f3n a red - Tecsolar","isPartOf":{"@id":"https:\/\/tecsolar.ar\/web\/#website"},"primaryImageOfPage":{"@id":"https:\/\/tecsolar.ar\/web\/funcionamiento-de-los-sistemas-fotovoltaicos-de-conexion-a-red\/#primaryimage"},"image":{"@id":"https:\/\/tecsolar.ar\/web\/funcionamiento-de-los-sistemas-fotovoltaicos-de-conexion-a-red\/#primaryimage"},"thumbnailUrl":"https:\/\/tecsolar.ar\/web\/wp-content\/uploads\/2024\/01\/bg1-copyright-antique.jpg","datePublished":"2024-07-10T13:36:50+00:00","dateModified":"2024-07-11T15:23:58+00:00","description":"Descubre c\u00f3mo funcionan los sistemas fotovoltaicos de conexi\u00f3n a red con Tecsolar. Aprende sobre la captaci\u00f3n de energ\u00eda solar, la conversi\u00f3n de corriente continua a alterna, y la inyecci\u00f3n de energ\u00eda a la red el\u00e9ctrica. Conoce los beneficios econ\u00f3micos y ambientales de estos sistemas, y por qu\u00e9 no funcionan durante cortes de energ\u00eda a menos que est\u00e9n equipados con bater\u00edas. Nuestros sistemas solares est\u00e1n dise\u00f1ados para integrarse perfectamente con tu infraestructura el\u00e9ctrica, ofreciendo ahorro en la factura de luz y contribuyendo a la sostenibilidad.","breadcrumb":{"@id":"https:\/\/tecsolar.ar\/web\/funcionamiento-de-los-sistemas-fotovoltaicos-de-conexion-a-red\/#breadcrumb"},"inLanguage":"es","potentialAction":[{"@type":"ReadAction","target":["https:\/\/tecsolar.ar\/web\/funcionamiento-de-los-sistemas-fotovoltaicos-de-conexion-a-red\/"]}]},{"@type":"ImageObject","inLanguage":"es","@id":"https:\/\/tecsolar.ar\/web\/funcionamiento-de-los-sistemas-fotovoltaicos-de-conexion-a-red\/#primaryimage","url":"https:\/\/tecsolar.ar\/web\/wp-content\/uploads\/2024\/01\/bg1-copyright-antique.jpg","contentUrl":"https:\/\/tecsolar.ar\/web\/wp-content\/uploads\/2024\/01\/bg1-copyright-antique.jpg","width":1827,"height":751},{"@type":"BreadcrumbList","@id":"https:\/\/tecsolar.ar\/web\/funcionamiento-de-los-sistemas-fotovoltaicos-de-conexion-a-red\/#breadcrumb","itemListElement":[{"@type":"ListItem","position":1,"name":"Portada","item":"https:\/\/tecsolar.ar\/web\/"},{"@type":"ListItem","position":2,"name":"Funcionamiento de los sistemas fotovoltaicos de conexi\u00f3n a red"}]},{"@type":"WebSite","@id":"https:\/\/tecsolar.ar\/web\/#website","url":"https:\/\/tecsolar.ar\/web\/","name":"Tecsolar","description":"Energ\u00eda Solar","publisher":{"@id":"https:\/\/tecsolar.ar\/web\/#organization"},"potentialAction":[{"@type":"SearchAction","target":{"@type":"EntryPoint","urlTemplate":"https:\/\/tecsolar.ar\/web\/?s={search_term_string}"},"query-input":"required name=search_term_string"}],"inLanguage":"es"},{"@type":"Organization","@id":"https:\/\/tecsolar.ar\/web\/#organization","name":"Tecsolar","url":"https:\/\/tecsolar.ar\/web\/","logo":{"@type":"ImageObject","inLanguage":"es","@id":"https:\/\/tecsolar.ar\/web\/#\/schema\/logo\/image\/","url":"https:\/\/tecsolar.ar\/web\/wp-content\/uploads\/2020\/09\/logo.png","contentUrl":"https:\/\/tecsolar.ar\/web\/wp-content\/uploads\/2020\/09\/logo.png","width":204,"height":66,"caption":"Tecsolar"},"image":{"@id":"https:\/\/tecsolar.ar\/web\/#\/schema\/logo\/image\/"},"sameAs":["https:\/\/www.facebook.com\/tecsolar.arg\/","https:\/\/www.instagram.com\/tecsolar.arg\/","https:\/\/www.youtube.com\/@Tecsolararg"]}]}},"_links":{"self":[{"href":"https:\/\/tecsolar.ar\/web\/wp-json\/wp\/v2\/pages\/1740","targetHints":{"allow":["GET"]}}],"collection":[{"href":"https:\/\/tecsolar.ar\/web\/wp-json\/wp\/v2\/pages"}],"about":[{"href":"https:\/\/tecsolar.ar\/web\/wp-json\/wp\/v2\/types\/page"}],"author":[{"embeddable":true,"href":"https:\/\/tecsolar.ar\/web\/wp-json\/wp\/v2\/users\/2"}],"replies":[{"embeddable":true,"href":"https:\/\/tecsolar.ar\/web\/wp-json\/wp\/v2\/comments?post=1740"}],"version-history":[{"count":20,"href":"https:\/\/tecsolar.ar\/web\/wp-json\/wp\/v2\/pages\/1740\/revisions"}],"predecessor-version":[{"id":1783,"href":"https:\/\/tecsolar.ar\/web\/wp-json\/wp\/v2\/pages\/1740\/revisions\/1783"}],"wp:featuredmedia":[{"embeddable":true,"href":"https:\/\/tecsolar.ar\/web\/wp-json\/wp\/v2\/media\/1436"}],"wp:attachment":[{"href":"https:\/\/tecsolar.ar\/web\/wp-json\/wp\/v2\/media?parent=1740"}],"curies":[{"name":"wp","href":"https:\/\/api.w.org\/{rel}","templated":true}]}}